(-9)*-6 - (-6 - 7). Suppose -2*a + f = -0*f - 86, -5*a - f = -229. Calculate the highest common divisor of a and d.
9
Suppose -3*z + 26 - 2 = 0. What is the greatest common factor of z and 88?
8
Suppose 0 = 6*z - 2 - 16. Suppose 5 = 2*i - 1. Calculate the greatest common factor of z and i.
3
Let s(r) = r**3 - r**2 - r + 3. Let o = 14 + -11. Let i be s(o). What is the highest common factor of i and 198?
18
Suppose -11*a = -47 - 63. Calculate the greatest common divisor of 90 and a.
10
Suppose -5*z + 0*z = u - 197, 5*u = -4*z + 166. Suppose 0*q + 7 = -q - 5*f, 25 = q - 3*f. What is the greatest common divisor of q and z?
13
Let v(z) = 10*z - 5*z + 22*z. Let y be v(1). Suppose 0 = -2*t - t + y. What is the greatest common factor of 18 and t?
9
Let z be ((-105)/84)/((-2)/40). What is the greatest common divisor of 175 and z?
25
Let c be (-504)/(-54)*(-6)/(-4). What is the greatest common factor of 28 and c?
14
Let q be 6*1 - 0/11. Calculate the highest common divisor of 18 and q.
6
Let f be (1/2 - 0)*18. Let k be (-2)/9 - 5836/(-18). Suppose y = -3*y + k. Calculate the highest common factor of y and f.
9
Suppose 1 - 9 = -2*i. Suppose -f + i + 20 = 0. What is the highest common factor of 36 and f?
12
Suppose 0 = 3*z + m - 59, -5*m + 64 = 4*z - 0*z. Suppose 7*f - 3*f - 336 = 0. What is the greatest common factor of f and z?
21
Let h(m) = -17*m**3 + m. Let p be h(-1). Let v(x) = -x**3 + x**2 + 10. Let f be v(0). Let k be (-5 + 0)*(-16)/f. What is the highest common factor of p and k?
8
Suppose -w = 4*d - 163, -496 - 198 = -4*w + 5*d. Let v = -6 + 8. Suppose 23 - 61 = -v*k. What is the highest common divisor of w and k?
19
Let k(x) = x**2 - 9*x - 10. Let a be k(-6). What is the highest common factor of a and 10?
10
Suppose -135 = -f + 36. What is the greatest common factor of f and 19?
19
Suppose 39 = 4*b - 2*f + 5, -3*f - 11 = -b. Let h be (12/(-9))/(2/9). Let z be (h/(-4))/((-6)/(-64)). Calculate the highest common factor of b and z.
8
Let u(a) = -a**2 - 5*a + 5. Let i be u(-5). Suppose -i*k + 6 + 34 = 0. Let z(h) = 2*h - 18. Let b be z(13). What is the greatest common divisor of k and b?
8
Suppose -2 = -4*n + 2. Let m be -3 + n - (-22 - 0). Calculate the highest common divisor of 2 and m.
2
Suppose k - 2*x - 311 = -2*k, -4*x = 4*k - 408. Suppose k = 4*n - j, j = 4*n + 3*j - 118. Let d = 1 + 8. What is the greatest common factor of n and d?
9
Let q(o) = 21*o**3 - 2*o**2 + 1. Let i be q(1). Let m(a) = 33*a + 1. Let g be m(3). Let b be (-12)/(-10)*g*1. What is the highest common factor of i and b?
20
Let a(r) = 4*r**3 + 3*r**2 - r. Let j be a(2). Calculate the highest common divisor of j and 28.
14
Let z = -404 + 844. What is the highest common divisor of z and 40?
40
Let r(x) = -8*x**2 - 5. Let s be r(4). Let q be -1*1/1*s. Calculate the highest common factor of 19 and q.
19
Let c(o) = -o**2 + 9*o - 10. Let h be c(7). Suppose -2 = n + 3*f + 8, n + 45 = h*f. Let m = 39 + n. What is the greatest common factor of m and 154?
14
Let j be 1/(-2) - 1264/(-32). Suppose -3*f = f - 52. What is the highest common factor of f and j?
13
Suppose 3*l - 24 = -6. Let g = l - 5. Calculate the greatest common divisor of 7 and g.
1
Let y be (-28)/147*9*77/(-2). Suppose -64 = -2*p + 3*c - 8*c, c + 84 = 4*p. Calculate the highest common factor of y and p.
22
Let w(h) be the third derivative of -h**4/12 + h**3/2 + 6*h**2. Let q be w(-4). Calculate the greatest common factor of 88 and q.
11
Let t(r) = -5*r - 11. Let j(a) = -2*a - 6. Let w(p) = -5*j(p) + 3*t(p). Let n be w(-4). What is the greatest common divisor of n and 85?
17
Let x be (0 - -1) + 6/2. Suppose 5*j + 8 = -2*z + 1, 4*z - 4*j = 28. Calculate the highest common factor of x and z.
4
Let f = -23 - -28. What is the greatest common factor of f and 20?
5
Let k(w) be the third derivative of -w**6/120 - w**5/20 + w**4/8 - w**3/2 - 4*w**2. Let v be k(-4). Calculate the greatest common divisor of 5 and v.
1
Suppose 0 = 3*g + 1 - 4. Let o(r) = -r**2 - 8*r - 7. Let s be o(-5). Let a be g*s*(3 - -7). Calculate the greatest common divisor of 10 and a.
10
Let o(n) = -n**2 - 2*n + 2. Let q be o(5). Let w = -16 - q. Calculate the highest common factor of 85 and w.
17
Let l be (-2 + 3 + -6)*-1. Let i be (4 + -1 - 1) + -2. Suppose f - q = -2*q + 6, -f - l*q - 14 = i. Calculate the greatest common divisor of 55 and f.
11
Let f(b) = 11*b**2 - 7*b - 6. Let l be f(-6). Let d = 8 - 5. Suppose d*r = -r + l. What is the greatest common divisor of 12 and r?
12
Suppose -4*b + 100 = b + 2*m, 2*m = -3*b + 60. What is the highest common factor of 40 and b?
20
Let c(t) = -t + 24. Let l be (-11 + -2)*(-6)/6. Let x be c(l). What is the highest common divisor of x and 88?
11
Suppose 3*f - 2*f = 31. Calculate the highest common divisor of f and 62.
31
Let v = -13 + 8. Let w be (-1)/2 + v/(-2). Suppose 0*b - w*b = 4*k - 46, 5*b - 3*k - 102 = 0. Calculate the highest common factor of b and 231.
21
Let j = 18 + -3. Let p = -177 + 252. What is the highest common factor of j and p?
15
Let v = -33 - -16. Let k = v - -19. What is the highest common divisor of 20 and k?
2
Let q(z) = 27*z + 4. Let o be 30/9 - 2/6. Let f be q(o). Let d be (-410)/(-12) - 3/18. What is the highest common factor of f and d?
17
Suppose n - 14 = 15. What is the highest common factor of n and 203?
29
Suppose 4*b = 5*b - 44. Suppose 3*r = 7*r - b. Calculate the highest common divisor of 121 and r.
11
Let l = 98 + -43. Calculate the greatest common factor of 5 and l.
5
Suppose 2*g + 0*r - 12 = 2*r, 3*g + 5*r = -14. Let x be ((-8)/(-10))/(20/50). Calculate the greatest common factor of x and g.
2
Let i = -6 + 10. Suppose 3*j + i = 25. What is the greatest common divisor of 49 and j?
7
Suppose 3 = -5*q + 63. Suppose 0 = x + v, -v + 1 = -5*x + 25. Let i be (-1 + -5)*x/(-6). What is the greatest common divisor of i and q?
4
Suppose -2*l + 3*l = 15. What is the greatest common factor of 105 and l?
15
Let q(z) = 2*z**3 - 2*z + 1. Let x be q(2). Let h = 193 - 141. What is the highest common factor of x and h?
13
Let r(u) = -2*u**3 - 3*u**2 + 2*u + 1. Let b be r(-3). What is the highest common divisor of b and 33?
11
Suppose -x + 2*x - 125 = -2*r, 5*x - 625 = -4*r. What is the highest common factor of 25 and x?
25
Let n be (2 - 116/(-6)) + (-10)/(-15). Calculate the highest common factor of n and 22.
22
Let b be 2/(4 - 2)*5. Suppose -1 = -2*z + 5*v, -2*v = -b*z + 11 + 23. What is the highest common divisor of 40 and z?
8
Let z(h) = 12*h - 27 + 27. Let d be z(6). What is the highest common divisor of d and 8?
8
Let k(v) = -83*v - 1. Let i be k(-1). Suppose 76 = 4*p + 4*u, 4*p - u = u + i. Suppose n - p = -8. What is the highest common factor of 24 and n?
12
Let a = 9 - 7. Let w(f) = 16*f**2 - 10*f**2 + 2 + f**2 + 14*f**a - f. Let q be w(-2). What is the highest common divisor of 11 and q?
11
Suppose -12*a = -7*a - 90. What is the greatest common factor of 2 and a?
2
Let z(y) = 3*y**2 - 8*y - 8. Let i be z(7). Let n = -47 + i. Suppose 0 = 5*o - 43 - 47. Calculate the greatest common divisor of n and o.
18
Suppose n - 1 - 25 = 0. Suppose 3*w - n - 37 = 0. What is the highest common divisor of w and 42?
21
Suppose -3*x = -p + 6, -3*p - x = 3*x - 18. Let c = p - 2. Calculate the highest common divisor of c and 4.
4
Suppose -3*b + 8 = -b. Suppose 28 = 4*w - 4*l, -w - b = 5*l + 1. Calculate the greatest common factor of 5 and w.
5
Suppose -5*y + 9 = -6. Suppose -y*b - 144 = 3*d - 0*b, 0 = d - 3*b + 48. Let l = d - -96. Calculate the highest common factor of 12 and l.
12
Let i be (-2)/8 - 291/(-12). Calculate the greatest common divisor of i and 6.
6
Let q = 14 + -4. What is the highest common divisor of q and 160?
10
Let o be 105*((-10)/(-6) + -1). What is the highest common factor of o and 14?
14
Suppose 5*i = 4 + 1046. What is the highest common factor of 30 and i?
30
Let t = -11 + 23. Let z be (-3785)/(-30) - 2/t. Calculate the highest common divisor of 18 and z.
18
Suppose -7*s + 40 = -3*s. What is the greatest common factor of 2 and s?
2
Suppose -f - z = -130, 2*z - z = 2*f - 275. What is the greatest common factor of f and 5?
5
Let l = -9 - -14. Calculate the highest common factor of l and 10.
5
Suppose 0 = 3*u - 23 - 10. Let d(w) = 88*w**3 - 2*w**2 + w. Let p be d(1). Suppose 3*y + 